{"id":2,"date":"2023-09-19T20:48:08","date_gmt":"2023-09-19T18:48:08","guid":{"rendered":"http:\/\/departamentos.iesvegadelturia.es\/tecnologia\/?page_id=2"},"modified":"2025-09-13T19:00:45","modified_gmt":"2025-09-13T17:00:45","slug":"miembros","status":"publish","type":"page","link":"https:\/\/departamentos.iesvegadelturia.es\/tecnologia\/miembros\/","title":{"rendered":"Miembros del Departamento"},"content":{"rendered":"\n<p><strong>Curso 2025-26<\/strong><\/p>\n\n\n\n<p>Profesores que imparten docencia:<\/p>\n\n\n\n<p>Francisco G\u00e1lvez<br>email:&nbsp;<a href=\"mailto:fran@iesvegadelturia.es\">fran@iesvegadelturia.es<\/a><\/p>\n\n\n\n<p>Jos\u00e9 Manuel R\u00edos <br>email:&nbsp;<a href=\"mailto:jrios@iesvegadelturia.es\">jrios@iesvegadelturia.es<\/a><\/p>\n\n\n\n<p>Miguel S\u00e1nchez<br>email:&nbsp;<a href=\"mailto:msanchez@iesvegadelturia.es\">msanchez@iesvegadelturia.es<\/a><\/p>\n\n\n\n<p>Diego S\u00e1nchez (Jefe de Departamento)<br>email:&nbsp;&nbsp;<a href=\"mailto:jtorres@iesvegadelturia.es\">dsanchez@iesvegadelturia.es<\/a><\/p>\n\n\n\n<p>Nuria Tolosa<br>email: <a href=\"mailto:ntolosa@iesvegadelturia.es\">ntolosa@iesvegadelturia.es<\/a><\/p>\n","protected":false},"excerpt":{"rendered":"<p>Curso 2025-26 Profesores que imparten docencia: Francisco G\u00e1lvezemail:&nbsp;fran@iesvegadelturia.es Jos\u00e9 Manuel R\u00edos email:&nbsp;jrios@iesvegadelturia.es Miguel S\u00e1nchezemail:&nbsp;msanchez@iesvegadelturia.es Diego S\u00e1nchez (Jefe de Departamento)email:&nbsp;&nbsp;dsanchez@iesvegadelturia.es Nuria Tolosaemail: ntolosa@iesvegadelturia.es<\/p>\n","protected":false},"author":2,"featured_media":0,"parent":0,"menu_order":0,"comment_status":"closed","ping_status":"closed","template":"","meta":{"footnotes":""},"class_list":["post-2","page","type-page","status-publish","hentry"],"_links":{"self":[{"href":"https:\/\/departamentos.iesvegadelturia.es\/tecnologia\/wp-json\/wp\/v2\/pages\/2","targetHints":{"allow":["GET"]}}],"collection":[{"href":"https:\/\/departamentos.iesvegadelturia.es\/tecnologia\/wp-json\/wp\/v2\/pages"}],"about":[{"href":"https:\/\/departamentos.iesvegadelturia.es\/tecnologia\/wp-json\/wp\/v2\/types\/page"}],"author":[{"embeddable":true,"href":"https:\/\/departamentos.iesvegadelturia.es\/tecnologia\/wp-json\/wp\/v2\/users\/2"}],"replies":[{"embeddable":true,"href":"https:\/\/departamentos.iesvegadelturia.es\/tecnologia\/wp-json\/wp\/v2\/comments?post=2"}],"version-history":[{"count":10,"href":"https:\/\/departamentos.iesvegadelturia.es\/tecnologia\/wp-json\/wp\/v2\/pages\/2\/revisions"}],"predecessor-version":[{"id":213,"href":"https:\/\/departamentos.iesvegadelturia.es\/tecnologia\/wp-json\/wp\/v2\/pages\/2\/revisions\/213"}],"wp:attachment":[{"href":"https:\/\/departamentos.iesvegadelturia.es\/tecnologia\/wp-json\/wp\/v2\/media?parent=2"}],"curies":[{"name":"wp","href":"https:\/\/api.w.org\/{rel}","templated":true}]}}